{"id":24535,"date":"2025-01-28T09:56:41","date_gmt":"2025-01-28T08:56:41","guid":{"rendered":"https:\/\/wp.cbm-homes.com\/property\/villa-de-lujo-horizonte\/"},"modified":"2026-01-20T16:29:01","modified_gmt":"2026-01-20T15:29:01","slug":"villa-de-lujo-horizonte","status":"publish","type":"property","link":"https:\/\/cbm-homes.com\/es\/property\/villa-de-lujo-horizonte\/","title":{"rendered":"Villa de Lujo \u201cHorizonte\u201d"},"content":{"rendered":"\n<p>Os presentamos esta magn\u00edfica villa de lujo de estilo moderno, que se ubica en una de las zonas m\u00e1s prestigiosas de Costa Blanca, en Sierra Cortina de Finestrat frente Benidorm y magn\u00edficas vistas al mar mediterr\u00e1neo y rascacielos de referencia mundial. La parcela se ubica en un terreno con desniveles, lo cual hace un especial atractivo en dise\u00f1o paisaj\u00edstico y permite garantizar las mejores vistas panor\u00e1micas al mar y monte con vegetaci\u00f3n abundante, siempre consiguiendo la orientaci\u00f3n id\u00f3nea para el m\u00e1ximo aprovechamiento del sol. Esta casa de ensue\u00f1o tiene numerosos espacios muy amplios, salsa, aparcamientos y dormitorios con ba\u00f1os muy bien aprovechados. No pierda oportunidad \u00fanica y programe su visita para conocerla!     <\/p>\n\n<p><\/p>\n","protected":false},"excerpt":{"rendered":"<p>Os presentamos esta magn\u00edfica villa de lujo de estilo moderno, que se ubica en una de las zonas m\u00e1s prestigiosas de Costa Blanca, en Sierra Cortina de Finestrat frente Benidorm y magn\u00edficas vistas al mar mediterr\u00e1neo y rascacielos de referencia mundial. La parcela se ubica en un terreno con desniveles, lo cual hace un especial [&hellip;]<\/p>\n","protected":false},"author":1,"featured_media":26474,"parent":0,"menu_order":0,"template":"","property_type":[62],"property_status":[63],"property_feature":[217,220,219,230,216,224,215,234,238,402,218,232],"property_label":[],"property_state":[142],"property_city":[250],"property_area":[259],"class_list":["post-24535","property","type-property","status-publish","has-post-thumbnail","hentry","property_type-villa-es","property_status-en-venta","property_feature-aire-acondicionado-centralizado-con-air-zone-y-bomba-de-calor","property_feature-armarios-guardarropa-y-carpinteria-de-madera","property_feature-banos-y-aseos-totalmente-equipados-con-sanitarios-muebles-mamparas-griferia-y-accesorios","property_feature-cargador-de-coche-es","property_feature-cocina-y-electrodomesticos-totalmente-equipados","property_feature-iluminacion-led-y-de-bajo-consumo","property_feature-materiales-de-acabados-de-muy-alta-calidad","property_feature-piscina-desbordante-con-preinstalacion-de-climatizacion-es","property_feature-preinstalacion-de-domotica","property_feature-preinstalacion-energia-fotovoltaica","property_feature-suelo-radiante-por-agua-y-bomba-de-calor","property_feature-ventilacion-de-doble-flujo-y-recuperador-de-calor-es","property_state-alicante-es","property_city-benidorm-es","property_area-sierra-cortina-es"],"property_meta":{"houzez_featured_listing_date":["2025-10-16 12:44:20"],"houzez_geolocation_lat":["38.553843711366"],"houzez_geolocation_long":["-0.17693947773904"],"_thumbnail_id":["26474"],"_last_translation_edit_mode":["translation-editor"],"houzez_total_property_views":["653"],"houzez_views_by_date":["a:61:{s:10:\"02-07-2026\";i:1;s:10:\"02-08-2026\";i:2;s:10:\"02-09-2026\";i:2;s:10:\"02-10-2026\";i:3;s:10:\"02-11-2026\";i:3;s:10:\"02-12-2026\";i:3;s:10:\"02-13-2026\";i:6;s:10:\"02-14-2026\";i:1;s:10:\"02-16-2026\";i:3;s:10:\"02-17-2026\";i:1;s:10:\"02-18-2026\";i:1;s:10:\"02-19-2026\";i:3;s:10:\"02-21-2026\";i:1;s:10:\"02-22-2026\";i:2;s:10:\"02-24-2026\";i:2;s:10:\"02-25-2026\";i:2;s:10:\"02-26-2026\";i:3;s:10:\"02-27-2026\";i:2;s:10:\"02-28-2026\";i:1;s:10:\"03-02-2026\";i:3;s:10:\"03-03-2026\";i:1;s:10:\"03-04-2026\";i:2;s:10:\"03-07-2026\";i:1;s:10:\"03-09-2026\";i:2;s:10:\"03-10-2026\";i:1;s:10:\"03-11-2026\";i:6;s:10:\"03-12-2026\";i:1;s:10:\"03-13-2026\";i:2;s:10:\"03-14-2026\";i:2;s:10:\"03-15-2026\";i:5;s:10:\"03-18-2026\";i:1;s:10:\"03-19-2026\";i:1;s:10:\"03-20-2026\";i:6;s:10:\"03-21-2026\";i:2;s:10:\"03-23-2026\";i:2;s:10:\"03-25-2026\";i:1;s:10:\"03-26-2026\";i:3;s:10:\"03-27-2026\";i:3;s:10:\"03-28-2026\";i:3;s:10:\"03-29-2026\";i:1;s:10:\"03-30-2026\";i:3;s:10:\"03-31-2026\";i:2;s:10:\"04-01-2026\";i:1;s:10:\"04-02-2026\";i:5;s:10:\"04-04-2026\";i:3;s:10:\"04-06-2026\";i:1;s:10:\"04-09-2026\";i:1;s:10:\"04-10-2026\";i:3;s:10:\"04-11-2026\";i:3;s:10:\"04-13-2026\";i:1;s:10:\"04-15-2026\";i:2;s:10:\"04-16-2026\";i:1;s:10:\"04-17-2026\";i:1;s:10:\"04-19-2026\";i:2;s:10:\"04-22-2026\";i:1;s:10:\"04-23-2026\";i:2;s:10:\"04-25-2026\";i:1;s:10:\"04-26-2026\";i:2;s:10:\"04-27-2026\";i:1;s:10:\"04-28-2026\";i:1;s:10:\"04-29-2026\";i:1;}"],"houzez_recently_viewed":["2026-04-29 12:42:24"],"_edit_lock":["1760615062:1"],"_edit_last":["1"],"fave_show_price_placeholder":["0"],"fave_construction-completion":["2025"],"fave_energy-class":["A+"],"fave_single_content_area":["global"],"houzez_manual_expire":["0"],"_houzez_expiration_date_status":["saved"],"_wpml_media_duplicate":["1"],"_wpml_media_featured":["1"],"fave_plot-size":["700"],"fave_property_images":["23479","23482","23485","23488","23491","23494","23497","23500","23503","23506","23509","23512","23515","23518","23557","23560"],"fave_featured":["1"],"fave_single_top_area":["global"],"fave_property_price":["1900000"],"fave_property_size":["375"],"fave_property_size_prefix":["m\u00b2"],"fave_property_land":["700"],"fave_property_land_postfix":["m\u00b2"],"fave_property_bedrooms":["6"],"fave_property_bathrooms":["5"],"fave_property_garage_size":["3"],"fave_property_year":["2025"],"fave_property_id":["HORIZONTE"],"fave_property_map":["1"],"fave_property_map_address":["Sierra Cortina, Finestrat, Alicante"],"fave_property_location":["38.553843711366,-0.17693947773904,13"],"fave_property_map_street_view":["oculta"],"fave_property_address":["Sierra Cortina, Finestrat, Alicante"],"fave_video_url":["https:\/\/www.youtube.com\/watch?v=C4FyCHrnzpY"],"fave_agent_display_option":["agent_info"],"fave_agents":["17365"],"fave_prop_homeslider":["no"],"fave_energy_class":["A+"],"additional_features":["a:12:{i:0;a:2:{s:29:\"fave_additional_feature_title\";s:13:\"Tipo inmueble\";s:29:\"fave_additional_feature_value\";s:21:\"Villa Moderna de lujo\";}i:1;a:2:{s:29:\"fave_additional_feature_title\";s:12:\"Inicio obras\";s:29:\"fave_additional_feature_value\";s:4:\"2024\";}i:2;a:2:{s:29:\"fave_additional_feature_title\";s:7:\"Calidad\";s:29:\"fave_additional_feature_value\";s:6:\"Luxury\";}i:3;a:2:{s:29:\"fave_additional_feature_title\";s:13:\"Distancia mar\";s:29:\"fave_additional_feature_value\";s:6:\"2,5 km\";}i:4;a:2:{s:29:\"fave_additional_feature_title\";s:6:\"Vistas\";s:29:\"fave_additional_feature_value\";s:12:\"Parque y mar\";}i:5;a:2:{s:29:\"fave_additional_feature_title\";s:7:\"Plantas\";s:29:\"fave_additional_feature_value\";s:24:\"3 + sol\u00e1rium con vistas\";}i:6;a:2:{s:29:\"fave_additional_feature_title\";s:6:\"Garaje\";s:29:\"fave_additional_feature_value\";s:8:\"3 coches\";}i:7;a:2:{s:29:\"fave_additional_feature_title\";s:7:\"Piscina\";s:29:\"fave_additional_feature_value\";s:8:\"5 x 10 m\";}i:8;a:2:{s:29:\"fave_additional_feature_title\";s:14:\"Climatizaci\u00f3n\";s:29:\"fave_additional_feature_value\";s:3:\"S\u00ed\";}i:9;a:2:{s:29:\"fave_additional_feature_title\";s:12:\"Calefacci\u00f3n\";s:29:\"fave_additional_feature_value\";s:3:\"S\u00ed\";}i:10;a:2:{s:29:\"fave_additional_feature_title\";s:7:\"Entrega\";s:29:\"fave_additional_feature_value\";s:19:\"\u201cLlave en mano\u201d\";}i:11;a:2:{s:29:\"fave_additional_feature_title\";s:6:\"Precio\";s:29:\"fave_additional_feature_value\";s:12:\"\u20ac1,900,000\";}}"],"floor_plans":["a:9:{i:0;a:2:{s:15:\"fave_plan_title\";s:6:\"Sotano\";s:15:\"fave_plan_image\";s:66:\"https:\/\/cbm-homes.com\/wp-content\/uploads\/2025\/01\/PLANTA-SOTANO.jpg\";}i:1;a:2:{s:15:\"fave_plan_title\";s:11:\"Planta Baja\";s:15:\"fave_plan_image\";s:64:\"https:\/\/cbm-homes.com\/wp-content\/uploads\/2025\/01\/PLANTA-BAJA.jpg\";}i:2;a:2:{s:15:\"fave_plan_title\";s:11:\"Planta Alta\";s:15:\"fave_plan_image\";s:64:\"https:\/\/cbm-homes.com\/wp-content\/uploads\/2025\/01\/PLANTA-ALTA.jpg\";}i:3;a:2:{s:15:\"fave_plan_title\";s:8:\"Solarium\";s:15:\"fave_plan_image\";s:68:\"https:\/\/cbm-homes.com\/wp-content\/uploads\/2025\/01\/PLANTA-SOLARIUM.jpg\";}i:4;a:2:{s:15:\"fave_plan_title\";s:7:\"Parcela\";s:15:\"fave_plan_image\";s:60:\"https:\/\/cbm-homes.com\/wp-content\/uploads\/2025\/01\/PARCELA.jpg\";}i:5;a:2:{s:15:\"fave_plan_title\";s:11:\"Fachada Sur\";s:15:\"fave_plan_image\";s:64:\"https:\/\/cbm-homes.com\/wp-content\/uploads\/2025\/01\/FACHADA-SUR.jpg\";}i:6;a:2:{s:15:\"fave_plan_title\";s:13:\"Fachada Oeste\";s:15:\"fave_plan_image\";s:66:\"https:\/\/cbm-homes.com\/wp-content\/uploads\/2025\/01\/FACHADA-OESTE.jpg\";}i:7;a:2:{s:15:\"fave_plan_title\";s:13:\"Fachada Norte\";s:15:\"fave_plan_image\";s:66:\"https:\/\/cbm-homes.com\/wp-content\/uploads\/2025\/01\/FACHADA-NORTE.jpg\";}i:8;a:2:{s:15:\"fave_plan_title\";s:12:\"Fachada Este\";s:15:\"fave_plan_image\";s:65:\"https:\/\/cbm-homes.com\/wp-content\/uploads\/2025\/01\/FACHADA-ESTE.jpg\";}}"]},"_links":{"self":[{"href":"https:\/\/cbm-homes.com\/es\/wp-json\/wp\/v2\/properties\/24535","targetHints":{"allow":["GET"]}}],"collection":[{"href":"https:\/\/cbm-homes.com\/es\/wp-json\/wp\/v2\/properties"}],"about":[{"href":"https:\/\/cbm-homes.com\/es\/wp-json\/wp\/v2\/types\/property"}],"author":[{"embeddable":true,"href":"https:\/\/cbm-homes.com\/es\/wp-json\/wp\/v2\/users\/1"}],"version-history":[{"count":0,"href":"https:\/\/cbm-homes.com\/es\/wp-json\/wp\/v2\/properties\/24535\/revisions"}],"wp:featuredmedia":[{"embeddable":true,"href":"https:\/\/cbm-homes.com\/es\/wp-json\/wp\/v2\/media\/26474"}],"wp:attachment":[{"href":"https:\/\/cbm-homes.com\/es\/wp-json\/wp\/v2\/media?parent=24535"}],"wp:term":[{"taxonomy":"property_type","embeddable":true,"href":"https:\/\/cbm-homes.com\/es\/wp-json\/wp\/v2\/property_type?post=24535"},{"taxonomy":"property_status","embeddable":true,"href":"https:\/\/cbm-homes.com\/es\/wp-json\/wp\/v2\/property_status?post=24535"},{"taxonomy":"property_feature","embeddable":true,"href":"https:\/\/cbm-homes.com\/es\/wp-json\/wp\/v2\/property_feature?post=24535"},{"taxonomy":"property_label","embeddable":true,"href":"https:\/\/cbm-homes.com\/es\/wp-json\/wp\/v2\/property_label?post=24535"},{"taxonomy":"property_state","embeddable":true,"href":"https:\/\/cbm-homes.com\/es\/wp-json\/wp\/v2\/property_state?post=24535"},{"taxonomy":"property_city","embeddable":true,"href":"https:\/\/cbm-homes.com\/es\/wp-json\/wp\/v2\/property_city?post=24535"},{"taxonomy":"property_area","embeddable":true,"href":"https:\/\/cbm-homes.com\/es\/wp-json\/wp\/v2\/property_area?post=24535"}],"curies":[{"name":"wp","href":"https:\/\/api.w.org\/{rel}","templated":true}]}}

<p>Os presentamos esta magnífica villa de lujo de estilo moderno, que se ubica en una de las zonas más prestigiosas de Costa Blanca, en Sierra Cortina de Finestrat frente Benidorm y magníficas vistas al mar mediterráneo y rascacielos de referencia mundial. La parcela se ubica en un terreno con desniveles, lo cual hace un especial atractivo en diseño paisajístico y permite garantizar las mejores vistas panorámicas al mar y monte con vegetación abundante, siempre consiguiendo la orientación idónea para el máximo aprovechamiento del sol. Esta casa de ensueño tiene numerosos espacios muy amplios, salsa, aparcamientos y dormitorios con baños muy bien aprovechados. No pierda oportunidad única y programe su visita para conocerla!     </p>

<p></p>

<p>Os presentamos esta magnífica villa de lujo de estilo moderno, que se ubica en una de las zonas más prestigiosas de Costa Blanca, en Sierra Cortina de Finestrat frente Benidorm y magníficas vistas al mar mediterráneo y rascacielos de referencia mundial. La parcela se ubica en un terreno con desniveles, lo cual hace un especial [&hellip;]</p>

a:12:{i:0;a:2:{s:29:"fave_additional_feature_title";s:13:"Tipo inmueble";s:29:"fave_additional_feature_value";s:21:"Villa Moderna de lujo";}i:1;a:2:{s:29:"fave_additional_feature_title";s:12:"Inicio obras";s:29:"fave_additional_feature_value";s:4:"2024";}i:2;a:2:{s:29:"fave_additional_feature_title";s:7:"Calidad";s:29:"fave_additional_feature_value";s:6:"Luxury";}i:3;a:2:{s:29:"fave_additional_feature_title";s:13:"Distancia mar";s:29:"fave_additional_feature_value";s:6:"2,5 km";}i:4;a:2:{s:29:"fave_additional_feature_title";s:6:"Vistas";s:29:"fave_additional_feature_value";s:12:"Parque y mar";}i:5;a:2:{s:29:"fave_additional_feature_title";s:7:"Plantas";s:29:"fave_additional_feature_value";s:24:"3 + solárium con vistas";}i:6;a:2:{s:29:"fave_additional_feature_title";s:6:"Garaje";s:29:"fave_additional_feature_value";s:8:"3 coches";}i:7;a:2:{s:29:"fave_additional_feature_title";s:7:"Piscina";s:29:"fave_additional_feature_value";s:8:"5 x 10 m";}i:8;a:2:{s:29:"fave_additional_feature_title";s:14:"Climatización";s:29:"fave_additional_feature_value";s:3:"Sí";}i:9;a:2:{s:29:"fave_additional_feature_title";s:12:"Calefacción";s:29:"fave_additional_feature_value";s:3:"Sí";}i:10;a:2:{s:29:"fave_additional_feature_title";s:7:"Entrega";s:29:"fave_additional_feature_value";s:19:"“Llave en mano”";}i:11;a:2:{s:29:"fave_additional_feature_title";s:6:"Precio";s:29:"fave_additional_feature_value";s:12:"€1,900,000";}}
